11). Suppose -2*b + 7*b - 1730 = p. Suppose 4*g - b = 90. Calculate the remainder when g is divided by 16.
13
Let g = -183 + 366. What is the remainder when g is divided by (-68880)/(-1500) + (-4)/(-50)?
45
Let k = -9 + 21. Let j(y) = 5*y**2 - 91*y - 86. Let d(z) = -z**2 + 18*z + 17. Let m(h) = 11*d(h) + 2*j(h). What is the remainder when m(k) is divided by 32?
31
Suppose 214*w - 1037211 - 224947 - 153238 = 0. What is the remainder when w is divided by 147?
146
Suppose -52 = -34*a + 30*a. Let f be (-2)/6*243/(-9). Suppose z - 2*t = -3, 2*z - z - f = -2*t. What is the remainder when a is divided by z?
1
Let u = 108275 + -108236. Suppose 0 = -5*w + 660 + 300. Calculate the remainder when w is divided by u.
36
Suppose 0 = -4*x + 13*x - 504. Calculate the remainder when 88 is divided by x/(-5)*5/(-2).
4
Suppose -4*i = 5*y - 1621, 17*i = 2*y + 21*i - 634. Calculate the remainder when 658 is divided by y.
0
What is the remainder when 994 is divided by (-2)/4*48/(-72)*(73 - -2)?
19
Suppose 9*f = -2*f + 2838. Suppose 210 + f = 13*s. Calculate the remainder when s is divided by 10.
6
What is the remainder when -21*(-15)/4725 + 2 + (-182247)/(-45) is divided by 1011?
8
Suppose 4 = 5*o - 16. Suppose 100 = 3*z - o*x, 3*z - 7*x = -2*x + 98. What is the remainder when 1 + 103 + (-6)/(-3) is divided by z?
34
Let m be (-3 - 0)*6*(-18 - 1). Let k = 921 - m. Calculate the remainder when k is divided by 29.
28
Let h(c) = -4*c**2 - 88*c - 403. Calculate the remainder when 190 is divided by h(-10).
36
Let y(r) = 12*r - 3. Let h(l) = 2*l + 1. Let z be h(1). Let f = -54973 - -54985. What is the remainder when y(z) is divided by f?
9
Let m(d) be the first derivative of 2*d**3/3 + d**2/2 + 4*d - 143. Calculate the remainder when 40 is divided by m(-2).
0
Suppose 0 = -3*o + 6*o - 69. Let i(d) = -1487*d - 5857. What is the remainder when i(-4) is divided by o?
22
Suppose -2*x = x - 234. Let b(v) = v**2 + 20*v + 27. Let r(w) = -w**2 + 4*w + 25. Let f be r(9). Calculate the remainder when x is divided by b(f).
24
Let n(g) = 2*g**2 + 6*g - 33. Calculate the remainder when 3655 is divided by n(-7).
21
Suppose -5*l + 14 + 1 = 0. Let a(q) = -q**3 + 4*q**2 - 3. Let d be a(l). What is the remainder when (-39)/d*((-1 - 3) + -16) is divided by 19?
16
Let v = 3298 - 2609. Calculate the remainder when v is divided by 33.
29
Let l = 8059 + -8020. Calculate the remainder when 690 is divided by l.
27
Let u = -3372 - -3893. What is the remainder when u is divided by 169?
14
Let d(k) = 2*k**2 + 27*k - 11. Calculate the remainder when d(-16) is divided by 16*(2 + (-1)/(-4)).
33
Suppose -352*j + 5*d = -355*j + 33, 0 = 3*j - d - 33. Calculate the remainder when 565 is divided by j.
4
Suppose -10*b - 1128 - 822 = 0. Calculate the remainder when 14 is divided by b/(-20) + (0 - (-6)/(-8)).
5
What is the remainder when (-9059)/4*(52 - 56) is divided by 221?
219
Let z = 24608 - 14442. Calculate the remainder when z is divided by 164.
162
Suppose -3336 = -10*a - 556. Calculate the remainder when a is divided by 59.
42
Suppose 5*t + 4*x = 3*t - 6, 0 = 3*t - 4*x - 11. Let q(b) = 7*b**3 + 27*b**2 - 61*b - 230. Calculate the remainder when (-1)/(t/(-53) - 0) is divided by q(3).
15
Let m = -163 - -261. Suppose 0 = -l + 5*q - 18 + 84, 5*l + 3*q = 218. Let x = -26 + l. What is the remainder when m is divided by x?
18
Let h be (20/2)/(15/(60/8)). Suppose -5*b + 370 = 5*t - 4*b, -h*t - 3*b = -380. What is the remainder when t is divided by 20?
13
Suppose -4*h - 3*p - 483 = 0, 5*h + 575 = 2*p - 0*p. Calculate the remainder when h/(-1) - 6/3 is divided by 8.
3
Let n(y) = -y**2 - 11*y - 6. Let u be n(-8). Calculate the remainder when -121*(-15)/9 - 12/u is divided by 51.
48
Let r(n) = -2*n**3 + 5*n**2 + 2*n - 7. Let z be r(3). What is the remainder when (-48)/z*10/3 is divided by 3?
1
Let a be 10*-4*(-102)/85. Suppose -53*h + a*h = -170. Calculate the remainder when h is divided by (-19)/2*(-2)/1.
15
Suppose 0 = h - 3*l + 383 - 433, 2*h + 5*l - 89 = 0. What is the remainder when 335 is divided by h?
6
Suppose -2649 = -32*w + 647. Calculate the remainder when w is divided by 54.
49
Let v be (14 + (0 - 0))*18/42. Suppose 5*i = 4*i + 135. Suppose i = v*m - 27. What is the remainder when 49 is divided by m?
22
Let b(c) = -8*c + 94. Let o be b(-22). Suppose -14*t - o = -23*t. Calculate the remainder when 149 is divided by t.
29
Let f = -51 + 69. Let b be (-3048)/(-14) + (-32)/(-112). Suppose b = 3*n - u - 204, -4*u = -n + 126. What is the remainder when n is divided by f?
16
Let k(l) = l**2 - 5*l - 151. Calculate the remainder when 1159 is divided by k(-13).
80
Calculate the remainder when (5 + (-441)/99)*55 is divided by 4.
2
Let f be (80/(-100))/(2/70). What is the remainder when 115 is divided by 3 - ((-150)/(-200))/(1/f)?
19
Let t(w) = w - 25. Let y be t(28). Suppose -6*m + y*p + 115 = -2*m, -p = m - 27. Calculate the remainder when 46 is divided by m.
18
Suppose 20*a + 22*a - 579 - 1857 = 0. Calculate the remainder when 768 is divided by a.
14
Suppose 2382 - 6010 = -4*l - 4*w, w - 2721 = -3*l. Suppose -4*q + 0*q - 3*s = -l, 3*q + 3*s = 678. Calculate the remainder when q is divided by 31.
12
Let r be (-20)/(-12) - 3/(-9). Let x be ((r + -4)/(-4))/(2/(-4)). What is the remainder when 252 + -3 + x + 1 is divided by 63?
60
Suppose -r + 29 = 3*q, 4*r = -15*q + 14*q + 50. What is the remainder when 271 is divided by r?
7
Let p = 282 + -145. Suppose -r = 5*s - p, 3*r + 5*s = 506 - 115. Let t(x) = x + 18. What is the remainder when r is divided by t(-8)?
7
Let w(q) = -q**3 + 6*q**2 - 5*q. Let x be w(5). Suppose 9*s - 32*s + 1104 = x. What is the remainder when 333 is divided by s?
45
Suppose 3*c - 5*y - 21 = 0, 0 = 4*c - 2*y - 0*y - 28. Let m be (70/(-25))/7 - 316/10. Let u = m - -55. What is the remainder when u is divided by c?
2
Let y(h) = 4*h**3 - 6*h**2 + 4*h + 7. Let w(m) = -36*m - 821. Calculate the remainder when y(3) is divided by w(-24).
30
What is the remainder when (147/(-27) + 5)*-711 is divided by 123?
70
Let y(t) = -124*t + 1393. What is the remainder when y(10) is divided by 20?
13
Let m = 1014 + -964. Suppose 2*l - 79 = 4*o + o, -2*l + 3*o = -77. What is the remainder when m is divided by l?
13
Suppose 10*p + 2566 = 23*p - 3583. Calculate the remainder when p is divided by 95.
93
Let v be (-42)/(49/7) + 14. Suppose 1170 + 150 = v*a. What is the remainder when a is divided by 21?
18
What is the remainder when (-11 + 2)*1 + 473 + 3133 is divided by 36?
33
Let a(d) = -d**3 - 15*d**2 + 67*d + 112. What is the remainder when a(-20) is divided by 91?
44
Let h be 9 + (5 - 0/7). Suppose -376 = -h*l + 814. Calculate the remainder when l is divided by 8.
5
Suppose -10881 = -4*p - 27*p. What is the remainder when p is divided by 82?
23
Let u(y) = 9*y - 9. Let b be u(3). Suppose -21*s - b = -23*s. What is the remainder when (-2)/5 + s/(90/604) is divided by 13?
8
Let w(f) = -f**3 - 8*f**2 - f + 27. Let c be w(-8). What is the remainder when ((-14)/c - -2)/((-2)/(-40)) is divided by 17?
15
Let u be 0 + (54/9)/6. Let n(a) = 2*a**3 + 19*a - 18. Let p(f) = f**2 + f + 4. What is the remainder when p(0) is divided by n(u)?
1
Suppose -j = 3*u - 115, 5*u - 6001*j + 6005*j - 187 = 0. Calculate the remainder when 733 is divided by u.
31
Let o = 31 - 9. Let c(u) = 26 - 53 - 4 - 16*u - 5. What is the remainder when c(-9) is divided by o?
20
Suppose 5*m = -2*c + 740 + 159, -5*c - 2*m + 2258 = 0. Let j = -301 + c. Calculate the remainder when j is divided by 39.
34
Suppose 2*z + w - 68 = -37, 2*w = -2*z + 32. What is the remainder when 93 is divided by z?
3
Let k(h) = 3*h**2. Let y(n) = -21*n**2 - 5*n - 4. Let r(s) = -3*k(s) - y(s). What is the remainder when 33 is divided by r(-1)?
0
Suppose -4*p - 2*v + 24 = -20, v = -3*p + 33. Calculate the remainder when 1945 is divided by p.
9
Calculate the remainder when (0 - 1)/(4/(-1436)) is divided by ((-1584)/3696)/(3/(-427)).
54
Suppose 69 = 4*z - 4*v - 23, 0 = -z - 3*v + 39. What is the remainder when z is divided by 368/56 - 3/(-7)?
6
Let r be -90*(5 + 106/(-20))*14. Suppose 5*t = -o + 471, 77 + r = 5*t + 5*o. Calculate the remainder when t is divided by 12.
11
Let m = -9120 + 9181. Calculate the remainder when m is divided by 27.
7
Calculate the remainder when (-2)/(-7) 